nits digit of v(p)?
2
What is the tens digit of -4 - (-3 + 113)/(-2)?
5
Let x(f) = 4*f**2 - f - 2. Let y(k) = -5*k**2 + k + 1. Let i(b) = 4*x(b) + 3*y(b). Let t(c) = -c**2. Let l be t(2). What is the tens digit of i(l)?
1
Let b be 1*-3 + (-36)/(-4). What is the tens digit of (b - 5)/((-2)/(-32))?
1
Let z be (-3 - -3) + 2 - -8. Suppose -4*c - 8 = 2*l, 0*c + z = -l - 5*c. Suppose -3*m - 3*x + 15 = -l*x, -3*x = -6. What is the units digit of m?
3
Let o be 1 + (2*9 - -1). Let q = -12 + o. What is the units digit of q?
8
Let y = -32 - -34. What is the units digit of y?
2
Let p = 1 - -2. Suppose 16 = -u + 3*g - 4*g, -p*u - 38 = g. What is the tens digit of (1 - -1)*u/(-2)?
1
Let g(c) = -2*c - 7. Let y be g(-5). Suppose 156 = y*p + p. Let a = p + -24. What is the tens digit of a?
1
Let t(r) = r**2 + 1. What is the units digit of t(0)?
1
Suppose 6*s - 2*u - 356 = 2*s, 0 = u + 4. What is the tens digit of s?
8
Let i be (-2)/(-7) + (-246)/(-21). Suppose r = 2*r - i. What is the tens digit of 3/(r/34)*2?
1
Suppose 0 = -t - 3*t - 16. Let g = t - -10. What is the units digit of g?
6
Suppose -5*v + 5 = -20. Suppose 6 = -5*l + v*o + 81, 3*l = -o + 45. What is the tens digit of l?
1
Let t(m) = -m - 2. Let r be t(-7). Suppose -r = -5*b - 0. What is the units digit of b?
1
Suppose 2*z = -o - 8, -4*o + 16 = 2*z - 6*z. Suppose o = h - 1, -5*i = h + h - 107. Let q = i - 12. What is the units digit of q?
9
Let m(h) = -2*h + 5. Let v be m(-4). Let u = -8 + 1. Let d = u + v. What is the units digit of d?
6
Let u(l) = l - 6. Let k be u(6). Suppose -2*p + 7*p - 50 = k. What is the units digit of p?
0
Suppose l - 36 = -7. Suppose -3*o + l = 4*u, -2*u + 21 = 2*o + u. Suppose t = -4, -4*i - o*t = t - 12. What is the units digit of i?
7
Suppose -8*c + 71 = -425. What is the units digit of c?
2
Let h = 9 - 20. Let c(z) = 8*z + 24. Let b(t) = 3*t + 8. Let s(x) = h*b(x) + 4*c(x). What is the units digit of s(7)?
1
Let y(m) = 7*m + 14. What is the units digit of y(6)?
6
Suppose 3*y - 2*y + 5 = -2*d, 4*y + d - 15 = 0. What is the units digit of y?
5
Let l = 11 - 0. Let y = l + 0. What is the units digit of y?
1
Let a(q) = q**3 - 7*q**2 - 8*q + 6. Let h be a(8). Let t be -8*(-1 - 2)/h. Suppose 3*r - 5*r + 18 = t*z, 7 = r + 4*z. What is the tens digit of r?
1
Let y be (-1)/(-2) + (-7)/(-2). Suppose 0 = 3*s - 5*n - 24, 2*n - 1 + y = -s. What is the units digit of s?
3
Let d(h) = -2 + 1 + 20*h + 0. Let x be d(-1). Let a = x + 31. What is the units digit of a?
0
Let a(p) = -p**3 - p**2 - 2. Let k be a(-2). Suppose 0 = -k*f + 5*f - 90. What is the units digit of f?
0
Let f(a) = -5*a**2. Let s be f(1). Let j = s - -8. Suppose -23 = -5*w - j*z + 31, -4*w - 5*z = -51. What is the units digit of w?
9
Let d be 2 + -3 + 3 + 0. Suppose -2*b - 12 - 12 = -2*w, 12 = -2*b - d*w. Let f = b + 14. What is the units digit of f?
5
Suppose w - 435 = -4*w - o, -4*o = 0. What is the tens digit of w?
8
Suppose 2*r = 100 - 34. What is the tens digit of r?
3
Suppose 5*g - 2*g = 9. Let b(a) = 2*a**2 - 3. What is the tens digit of b(g)?
1
Let y(m) = 2*m**2. Let z = 5 - 3. What is the units digit of y(z)?
8
Suppose x + 135 = j, 0*x - 4*x = 2*j - 282. What is the hundreds digit of j?
1
Let o = 519 + -229. What is the tens digit of o?
9
Let h(d) = -d - 10. Let u be h(-13). Suppose u*g = -2*g + 35. What is the units digit of g?
7
Let l be (-6)/(-33) - 0 - (-6)/(-33). Let o(c) = 3*c**3 - c**2 + 2. Let g be o(2). Let b = l + g. What is the tens digit of b?
2
Let z(t) = t + 26. What is the tens digit of z(-7)?
1
Suppose 0 = 5*q - 52 - 63. What is the units digit of q/(-2)*(2 + -4)?
3
Suppose -3*a + 4 = 5*q, 5*a - 4 = -3*q + 8. Suppose -a = -3*n - 102. What is the tens digit of -3*(n/9 + -1)?
1
Suppose -43*o + 3591 = -34*o. What is the hundreds digit of o?
3
What is the tens digit of ((-4)/(-6))/(1 - 301/303)?
0
Suppose -4*d = -2*r + 26, -2*d + 9 = 5*r - 8. Suppose -r*p + 10*p = 180. What is the tens digit of p?
3
Suppose 3 = -3*q - 3*w, w - 15 = 6*w. Let f(t) = t**3 - 3*t**2 - 3*t + 2. Let c be f(4). Suppose -q*y - 12 = -c*y. What is the units digit of y?
3
Let b(k) = 3*k**2 + k - 2. Let a = 1 - -2. Suppose 5*v + a*s + 19 = -0*v, -17 = v + 5*s. What is the units digit of b(v)?
8
Let u be 1*(-1 - -3) + 0. Suppose -3*g = -5*g - u. Let d = 4 + g. What is the units digit of d?
3
Let p = 4 - 2. Suppose -3*i - j + 63 = p*j, -38 = -2*i - j. What is the tens digit of i?
1
Let i(p) = p**3 + 14*p**2 + 10*p + 14. What is the tens digit of i(-13)?
5
Suppose -3*p - p + 204 = 0. What is the tens digit of p?
5
Let j(q) = -q**2 - 5*q + 9. Let r(l) = 5*l. Let y be r(-1). What is the units digit of j(y)?
9
Let x(f) = f**3 - 7*f**2 + 8*f + 11. What is the tens digit of x(7)?
6
Let p(l) = -4*l**2 - 3*l - 3. Suppose -4*r - r - 15 = 0. Let t be p(r). Let a = t - -47. What is the tens digit of a?
1
Let i(s) = 4 + 3*s**3 - s**2 - 2*s**3 + 0*s**3. Let o be i(0). Let v = 7 - o. What is the units digit of v?
3
Suppose 4*j + 34 = n, 4*j + 119 = 5*n + 13. What is the tens digit of n?
1
Suppose u = 0, -2*h + 141 - 17 = 3*u. What is the tens digit of h?
6
Let d(a) = 3*a**2 + 2*a. Let j(h) be the first derivative of -h**3/3 + 4*h**2 - 9*h + 4. Let y be j(7). What is the units digit of d(y)?
8
Let u = -134 + 282. What is the tens digit of u?
4
Suppose q + 1 = -0. Let l be (0 + q)/((-3)/6). What is the units digit of (6/l)/((-15)/(-10))?
2
Suppose -2*q = -4*q - 2*y + 4, 2*q + 4*y + 4 = 0. Suppose 4*a = 46 + q. What is the tens digit of a?
1
Let c = -65 - -270. What is the tens digit of c?
0
Let m(w) = w**3 - 15*w**2 - 8*w + 7. What is the tens digit of m(16)?
3
Let j = -54 + 93. What is the units digit of j?
9
What is the units digit of (3/9)/((-5)/(-3705))?
7
Suppose -32 = -5*q - 7. Let g be (2/1)/(q + -4). Suppose g*b - 4*b - 7 = -5*m, 4*b + 8 = 4*m. What is the units digit of m?
1
Suppose 2*v = 5*m + 22, -2*m - 22 = -3*v - 0*m. Let d = 30 - 46. What is the units digit of (-9)/4*d/v?
6
Let d(t) = -3*t - 5. What is the tens digit of d(-8)?
1
Let u(k) = k**2 + 5*k - 8. Let c be u(-6). Let g(j) = j**3 + 3*j**2 + j. What is the units digit of g(c)?
2
Let v(z) = -4*z + 13. What is the tens digit of v(-6)?
3
Let r be 2/(-5) + (-2)/(-5). Let x = 1 + r. Suppose -4*q - x + 5 = 0. What is the units digit of q?
1
Let x(g) = g**3 + 5*g**2 - 8*g - 7. Let b be x(-6). Let q be b*102/(-15)*1. Let h = -21 - q. What is the tens digit of h?
1
Let r(l) = 23*l**3 + 2*l**2 - l. Let b be r(1). What is the tens digit of (b/(-15))/((-2)/60)?
4
Let n(g) = -g**3 + 4*g**2 + g + 2. Let h(z) = -z**3 - 4*z**2 - 5*z - 2. Let s be h(-3). What is the units digit of n(s)?
6
What is the units digit of (34/(-51))/(1/(-3))?
2
Suppose 9*i - 44 = 5*i. What is the tens digit of i?
1
What is the units digit of 95/3 - (-2)/(-3)?
1
Suppose 0 = 30*f - 25*f - 80. What is the tens digit of f?
1
Suppose u + 0*k - k = -1, -5*k = -3*u - 13. Let z be 7/3 - 2/6. Suppose 3*i = -z*o + 29, -8*o + u*o + 16 = 0. What is the units digit of i?
7
Suppose 0 = -2*v + 4*x + x + 5, 2*x + 2 = -5*v. Suppose v = -3*a - 0 + 6. Suppose -4*z + 10 = -0*u + u, -2*u + a*z = 0. What is the units digit of u?
2
Let y(w) = -w**3 - 6*w**2 - 7*w. What is the tens digit of y(-9)?
0
Let h be (-2)/1*(9 - 8). What is the units digit of h/6*3*-7?
7
Suppose z = 4*s + 48, s - 3*s = -4*z + 206. What is the units digit of z?
2
Let f = -6 + 9. Suppose 4*g - 9 = f. What is the units digit of g?
3
Suppose 138 = 8*t - 5*t. What is the units digit of t?
6
Let o = 4 + -3. Let s(m) = -9*m. Let x be s(o). What is the units digit of -4*(-2 - x/6)?
2
What is the units digit of ((-5)/((-15)/(-12)))/((-4)/102)?
2
Let l = -5 - -8. Suppose -33 = -6*p + l*p. What is the tens digit of p?
1
Let g(v) = v**2 + 2*v - 43. What is the tens digit of g(-14)?
2
Let w be (-5 - (0 + -2)) + 2. What is the tens digit of -2*13*w/2?
1
Suppose 6*i + 255 = 11*i. What is the units digit of i?
1
What is the tens digit of (4 + (-64)/(-12))*3?
2
Suppose 0 = m - 2*s - 93, 5*m + 0*s - 432 = -s. What is the tens digit of m?
8
Let z be 3/((-21)/(-12) + -1). Suppose -4*y - 5*w - 1 = 4, -2*y = -w - 1. Suppose y = z*f - 9*f + 5. What is the units digit of f?
1
Let c(r) = 7*r**3 - r**2 - 1. Let m be c(1). Suppose 0 = -2*f + 2, -m*q + 44 = 5*f - 131. What is the units dig